 tens digit of n?
2
Suppose -3*n + c + 50 = -2*n, 0 = -n - 5*c + 38. Suppose p - 5*s = n, s - 51 = -p + 5*s. What is the units digit of p?
3
What is the tens digit of (-3800)/50*(-1 + 53/(-2))?
9
Suppose 2*t - 2*s - 1733 = 1775, 4*t - 6976 = -4*s. What is the tens digit of (3 + -2)*t/11?
5
Suppose 60 = r - 4*r + n, 4*n = 0. Let v = r + 127. What is the tens digit of v?
0
Suppose -192 = -g + 3*r, 0 = -4*g + 2*g + 3*r + 399. What is the hundreds digit of g?
2
Let k(b) = -5*b**3 - 2*b**2 - 3*b + 8. Let a be k(-4). Suppose x = 5*m + 156, -2*m + 64 = 2*x - a. What is the hundreds digit of x?
1
Suppose -4*u - 4 = 2*m, 5*m + 5 = -6*u + u. Suppose 2*v - 6*v + 176 = m. What is the tens digit of v?
4
Let l be ((-4)/(-2))/2 + -14. Suppose 0 = -0*h - 2*h + 34. Let s = l + h. What is the units digit of s?
4
Let x(h) = 11*h**2 - 3*h - 1. Let o = 8 - 10. What is the tens digit of x(o)?
4
Suppose 2*h + 1608 = 3*h. What is the tens digit of (h/36)/((-2)/(-3))?
6
Let n = -235 - -341. What is the tens digit of n?
0
Let n be (5/5)/(2/6). Let p(d) = -2*d**3 - 13*d**2 - 2*d**n + 5*d**3 + 3*d + 0*d**3 - 16. What is the tens digit of p(13)?
2
What is the units digit of (-73245)/(-24) - ((-253)/(-88) - 3)?
2
Suppose 0 = -2*n + 8, -3*n + 0*n = 5*l - 17. Suppose -g - 2*g = -2*i - 4, -2*g + 3*i = -l. Suppose 3*v - 45 = -g*v. What is the units digit of v?
9
Let p be (-6*(-1)/4)/(11/770). Suppose c = 5*u + p, -4*c - 255 = -6*c - 5*u. What is the units digit of c?
0
Let s be (-1 - 3)*37/2. Let x be (-317)/(-3) - 2/(-6). Let o = x + s. What is the units digit of o?
2
Let j(z) be the first derivative of -2 - 6*z**2 + 7*z + 1/3*z**3. What is the tens digit of j(13)?
2
Let s(k) = 343*k**3 + k**2 + 11*k - 29. What is the hundreds digit of s(2)?
7
Suppose -2*u + 0*n + 10 = 2*n, -15 = -5*u + 5*n. Suppose 5*g + u*a - 198 = 156, -5*g = -4*a - 386. What is the tens digit of g?
7
Let a = -1054 - -1562. What is the hundreds digit of a?
5
Suppose 199 - 470 = -a. What is the hundreds digit of a?
2
Let i(u) = 39*u**3 - u + 1. Let r = 9 + 7. Suppose -r + 11 = -5*g. What is the tens digit of i(g)?
3
Let z = -10 + 12. Suppose -v - z*v = 0. Suppose v = 5*l - 27 - 8. What is the units digit of l?
7
Suppose 12*k = 6*k + 19386. What is the units digit of k?
1
Let s = 581 - 228. What is the hundreds digit of s?
3
Suppose -7*s = -8*s + 4. Suppose -j - 171 = -s*j. Suppose 2*o + 3*w - 81 = 0, -3*o - 5*w + 65 + j = 0. What is the units digit of o?
9
Suppose 2*a = 3*a - 4. Suppose -x - 6 = 4*h, -a*x + 10 = -4*h + 3*h. What is the units digit of x?
2
Let v = -832 - -1045. What is the hundreds digit of v?
2
Let o = -7 - 4. Let q(c) = c**2 + 9*c - 18. Let u be q(o). Let h(a) = 20*a - 12. What is the units digit of h(u)?
8
Let p(w) = 14*w**2 - 1. Let x(o) = -o**2 - 4*o. Let s be x(-4). Let n = 1 + s. What is the tens digit of p(n)?
1
Let t(j) = -j**3 - 2*j**2 + 4*j + 4. Let u be t(-6). Suppose 4*b + 4*o = 3*o + u, 4*b + 5*o = 140. What is the tens digit of 8/20 - (-1428)/b?
4
Let l = 752 - 691. What is the tens digit of l?
6
Let y(m) = -m**3 - 18*m**2 + 18*m + 28. What is the units digit of y(-19)?
7
Let u = 4680 + -2299. What is the tens digit of u?
8
Let s(o) = 13 - 12*o**2 + 6*o - 12 - o**3 - 9. What is the units digit of s(-13)?
3
Suppose -4*w + 4*g + 0*g = -32, -3*w + 28 = -5*g. Let o = -3 + w. Suppose 0 = z - 0*y + 2*y - 14, o*y - 51 = -3*z. What is the units digit of z?
0
Let j(h) = h**2 - 11*h + 2. Let z be j(11). Suppose -5*b - 5*y = -225, z*b - 22 = 2*y + 52. What is the tens digit of b?
4
Let c(h) = h**3 + 7*h**2 + h + 8. Let w be c(-7). Let v = w + 114. What is the units digit of v?
5
What is the thousands digit of (-1 + -4)*(-4182)/(-7 - -13)?
3
Suppose 5*b = -0 + 20. Let g be 4/(-8)*b - -5. Suppose -7*c = -g*c - 96. What is the units digit of c?
4
Suppose -279*s - 868 = -286*s. What is the hundreds digit of s?
1
Let a(d) = d**3 + d**2. Let v(z) = z**3 + 9*z**2 - 5*z + 7. Let r(o) = -2*a(o) + v(o). Let w be r(6). Let h = w - -4. What is the tens digit of h?
1
Let k(r) = 7*r**2 - 11*r - 2. What is the tens digit of k(10)?
8
Suppose 0 = -5*c + c + 200. Let n = c - 18. What is the units digit of n?
2
Suppose 4*l = 3*l. Suppose 3*c = c + 6. Suppose -y = -b + 27, c*y + l*y - 81 = -3*b. What is the tens digit of b?
2
Suppose -2*q + 6 = 5*l - 19, -5 = -4*q - l. Suppose -4*s = q, -4*s + 5*s + 536 = 4*r. Suppose -2*d - 3*d - r = -3*o, -2*o = d - 98. What is the tens digit of o?
4
Let k = -36 - -40. Suppose -m - 124 = -k*c, 0*c + 5*m + 155 = 5*c. What is the units digit of c?
1
Let i(h) = -62*h + 344. What is the tens digit of i(4)?
9
Let d(b) be the first derivative of -b**4/12 - b**3/6 + 8*b**2 + 4*b + 4. Let a(z) be the first derivative of d(z). What is the units digit of a(0)?
6
Let n = -36 - -33. Let a(k) = -54*k + 14. What is the hundreds digit of a(n)?
1
Suppose -3*a - 13 = 4*z, -z + 42 = -2*a + 3*z. Let w = a - -18. Let c = 2 + w. What is the units digit of c?
9
Let l(d) = -d + 18. Let p be l(13). Suppose -3*j + 206 = -2*s, -5*s - 164 = -p*j + 176. What is the units digit of j?
0
Let h be (-4 - (-2 - -1) - -2) + 880. What is the tens digit of h/4 - 25/(-20)?
2
Let c = 828 + -536. Suppose 2*z = 4*z + 12. What is the units digit of 5/15 - c/z?
9
Let m be (-5 + 3 + -2)*49/(-28). Let d(g) = -g + 6 + 0 + 3*g. What is the tens digit of d(m)?
2
Suppose 2*r = -5*d - 22, 5*r + 13 = -5*d + 3*d. Let z be d/(4*(-4)/(-32)). Let f = z - -51. What is the tens digit of f?
4
Suppose 0 = 2*g + 10, -2*g + 120 = -3*x + 412. Let d = x - 63. What is the units digit of d?
1
Suppose 2*f + 5*y + 53 + 123 = 0, 0 = f + 3*y + 90. Let z = -54 - f. What is the tens digit of z?
2
Let o be (-1)/(-1*1/6) - 3. Suppose -o*q = -4*b + 159, -3*q + 16 = 7. What is the units digit of b?
2
Suppose 126 = -12*s + 5*s. What is the tens digit of 1140/s*(-12)/10?
7
Let v(a) = -7*a**2 - 4*a - 6. Let n(t) = -13*t**2 - 7*t - 13. Let g(o) = -6*n(o) + 11*v(o). What is the units digit of g(8)?
0
Suppose -u = -0*u - 3. Let c(y) = 10*y**2 + 4*y - 10. What is the units digit of c(u)?
2
Let g = -10 + 12. Suppose 0 = 2*h - g - 0. What is the tens digit of ((-22)/4)/(h/(-4))?
2
Let k(h) = 5*h**3 - 22*h**2 + 4*h + 12. What is the hundreds digit of k(7)?
6
Let g(q) = -q**2 + 6*q - 3. Let f be (-16)/(-12)*(1 - 4). Let l = 8 + f. What is the units digit of g(l)?
5
Let k be (-8 + 0 - -6) + 7*3. Suppose 7*d - 4*f + 2 = 4*d, 4*d - f - k = 0. What is the units digit of d?
6
Let o be (630/(-40))/((-6)/16). Suppose 0 = -z - z + 4*s + 30, -o = -4*z - s. Suppose -w + 15 = -z. What is the tens digit of w?
2
Suppose 0 = 4*q + 3 + 1. Let o be (-2)/(-2 + q - -2). Suppose -o*s = -4*s + 26. What is the tens digit of s?
1
Suppose -889 = -2*b + 707. What is the tens digit of b?
9
Suppose -2*p - 449 = -3*p. What is the hundreds digit of p?
4
Suppose 4*l - 5*b - 231 = 0, -2*l - 3*b = -90 - 53. Suppose -2*r = 2*h - 152, -4*r = -5*r + 2*h + l. What is the units digit of r?
2
Let o(r) = r**3 + 15*r**2 - 5*r - 18. Let b be o(-14). Suppose 0 = 16*v - 18*v + b. What is the units digit of v?
4
Let a = 73 - 46. What is the tens digit of (a/(-2))/(21/(-28))?
1
Suppose 2*x + o - 3 = x, 15 = x - 3*o. Suppose 2 = 4*a - x. Suppose 96 = 2*d + a*p, 0 = p + p. What is the tens digit of d?
4
Let j(a) = 16*a**3 - 7*a**2 + 11*a - 6. What is the tens digit of j(3)?
9
Let t(v) = 3*v - 2. Let s be t(-7). Let w be (-8)/(-4) - 1 - s. Suppose w + 24 = n. What is the units digit of n?
8
Let l(t) = 7 - 3*t + 7*t + 1 + 3. What is the units digit of l(6)?
5
Let m(n) = 26*n + 10. Let d = -11 + 18. Let t be m(d). What is the tens digit of 12/20 + t/5?
3
Suppose 39*w - 4*s - 2362 = 34*w, -w + 3*s + 468 = 0. What is the units digit of w?
4
Let i(n) = -17*n - 7. Let t(w) = -4*w - 2. Let a(h) = -4*i(h) + 18*t(h). Let u be a(-6). Suppose 3*v - u = 14. What is the units digit of v?
0
Let n(j) = 12*j**2 + 24*j + 123. What is the tens digit of n(-12)?
6
What is the units digit of 12128/64*(1 + 1)?
9
Suppose -n + 0*n - 2*c = 0, n + 3*c + 2 = 0. Suppose -n*k + 35 = k. What is the units digit of k?
7
Let z(k) = -k**2 - 46*k + 24. What is the units digit of z(-44)?
2
Suppose -4*b - 46 = -2*l - 12, -3*b - 73 = -4*l. What is the tens digit of l?
1
Let q(z) = 21*z + 10*z + 13*z + 2 - 11*z. Let n = 4 - 3. What is 